{"id":6304,"date":"2025-11-16T19:38:18","date_gmt":"2025-11-16T19:38:18","guid":{"rendered":"https:\/\/waboom.net\/?page_id=6304"},"modified":"2025-11-19T13:23:06","modified_gmt":"2025-11-19T13:23:06","slug":"frequently-asked-question","status":"publish","type":"page","link":"https:\/\/waboom.net\/ckb\/frequently-asked-question\/","title":{"rendered":"Frequently Asked Question"},"content":{"rendered":"<div data-elementor-type=\"wp-page\" data-elementor-id=\"6304\" class=\"elementor elementor-6304\">\n\t\t\t\t<div class=\"elementor-element elementor-element-4b701d2 e-flex e-con-boxed e-con e-parent\" data-id=\"4b701d2\" data-element_type=\"container\" data-e-type=\"container\">\n\t\t\t\t\t<div class=\"e-con-inner\">\n\t\t\t\t<div class=\"elementor-element elementor-element-104c09c elementor-widget elementor-widget-heading\" data-id=\"104c09c\" data-element_type=\"widget\" data-e-type=\"widget\" data-widget_type=\"heading.default\">\n\t\t\t\t\t<h2 class=\"elementor-heading-title elementor-size-default\">Pirs\u00ean Pir t\u00ean Pirs\u00een<\/h2>\t\t\t\t<\/div>\n\t\t\t\t\t<\/div>\n\t\t\t\t<\/div>\n\t\t<div class=\"elementor-element elementor-element-3238c81 e-flex e-con-boxed e-con e-parent\" data-id=\"3238c81\" data-element_type=\"container\" data-e-type=\"container\">\n\t\t\t\t\t<div class=\"e-con-inner\">\n\t\t\t\t<div class=\"elementor-element elementor-element-d85c86f elementor-widget elementor-widget-elementskit-faq\" data-id=\"d85c86f\" data-element_type=\"widget\" data-e-type=\"widget\" data-widget_type=\"elementskit-faq.default\">\n\t\t\t\t\t<div class=\"ekit-wid-con\" >\n                <div class=\"elementskit-single-faq elementor-repeater-item-aae44e8\">\n            <div class=\"elementskit-faq-header\">\n                <h2 class=\"elementskit-faq-title\">Q1: Ma h\u00fbn ten\u00ea nermalav\u00ea peyda dikin, an h\u00fbn dikarin di stratejiya me ya kirr\u00fbbirr\u00ea de al\u00eekariya me bikin?<\/h2>\n            <\/div>\n            <div class=\"elementskit-faq-body\">\n                Em herduyan j\u00ee peyda dikin. WABOOM ne ten\u00ea platformek nermalav\u00ea ye; em \u015fir\u00eekek stratej\u00eek in. Em ji bo serkeftina WhatsApp-\u00ea xizmet\u00ean pispor p\u00ea\u015fk\u00ea\u015f dikin: P\u00ea\u015fxistina Stratejiy\u00ea: Em al\u00eekariya s\u00eawirandina tevahiya h\u00eal\u00eena tevl\u00eab\u00fbna WhatsApp-a we dikin, ji girtina r\u00eaberan bigire heya veguher\u00een\u00ea. Plansaziya Cihbic\u00eehkirin\u00ea: Em \u015f\u00eeretan li ser karan\u00eena \u00e7\u00eatir\u00een a Chatbots, Kampanyay\u00ean Drip, \u00fb We\u015fan\u00ean Bulk ji bo p\u00ee\u015fesaziya weya taybet\u00ee dikin.            <\/div>\n        <\/div>\n                <div class=\"elementskit-single-faq elementor-repeater-item-ca72e17\">\n            <div class=\"elementskit-faq-header\">\n                <h2 class=\"elementskit-faq-title\">P2: Gelo WABOOM dikare Reklam\u00ean Click-to-WhatsApp-\u00ea ji bo me saz bike \u00fb bixebit\u00eene?<\/h2>\n            <\/div>\n            <div class=\"elementskit-faq-body\">\n                Bel\u00ea. Em xizmet\u00ean reklam\u00ea y\u00ean bijarte \u00fb taybet p\u00ea\u015fk\u00ea\u015f dikin. Pispor\u00ean me dikarin tevahiya \u00e7erxa jiyana kampanyay\u00ean we y\u00ean Click-to-WhatsApp Ads li ser nav\u00ea we bir\u00eave bibin, di nav de: Stratejiya afir\u00eener \u00fb kopiya reklam\u00ea. Armanckirin \u00fb \u00e7\u00eatirkirin di nav Meta Ads Manager de. R\u00eave\u00e7\u00fbna otomat\u00eek \u00fb kal\u00eef\u00eekasyona tavil\u00ea ya r\u00eaberan li ser WABOOM.            <\/div>\n        <\/div>\n                <div class=\"elementskit-single-faq elementor-repeater-item-102b84e\">\n            <div class=\"elementskit-faq-header\">\n                <h2 class=\"elementskit-faq-title\">Q3: Ma h\u00fbn ber\u00ee qeydkirin\u00ea ji bo stratejiya WhatsApp-\u00ea ya min \u015f\u00eawirmendiya bela\u015f p\u00ea\u015fk\u00ea\u015f dikin?<\/h2>\n            <\/div>\n            <div class=\"elementskit-faq-body\">\n                B\u00ea guman. Em bi yek ji stratej\u00eest\u00ean me y\u00ean WhatsApp\u00ea re \u015e\u00eawirmendiyek Bela\u015f p\u00ea\u015fk\u00ea\u015f dikin. Ev r\u00fbni\u015ftina b\u00ea mecb\u00fbr\u00ee ji bo anal\u00eezkirina h\u00eal\u00eena firotan\u00ea ya we ya hey\u00ee \u00fb p\u00ea\u015fk\u00ea\u015fkirina planeke p\u00eakan\u00een\u00ea ya xwer\u00fb bi karan\u00eena platforma WABOOM hatiye \u00e7\u00eakirin.            <\/div>\n        <\/div>\n                <div class=\"elementskit-single-faq elementor-repeater-item-572dcf2\">\n            <div class=\"elementskit-faq-header\">\n                <h2 class=\"elementskit-faq-title\">Q4: Buhay\u00ea WABOOM \u00e7iqas e, \u00fb gelo xerc\u00ean ve\u015fart\u00ee hene?<\/h2>\n            <\/div>\n            <div class=\"elementskit-faq-body\">\n                Mesrefa gi\u015ft\u00ee ya WABOOM zelal e \u00fb du p\u00eakhate hene: Abonetiya Platform\u00ea: Xercek mehane an salane ya sab\u00eet ji bo gih\u00ee\u015ftina WABOOM CRM, Chatbot Builder, Panela Sohbeta Zind\u00ee, \u00fb hem\u00ee am\u00fbr\u00ean otomasyon\u00ea. Xerc\u00ean Axaftina WhatsApp: Ev xerc\u00ean ji Meta (WhatsApp) ne ji bo her t\u00eala axaftin\u00ea ya 24 demjim\u00earan ku ji h\u00eala karsaziya we an ji h\u00eala xer\u00eedarek ve hat\u00ee destp\u00eakirin. WABOOM li van xerc\u00ean axaftina Meta z\u00eadekirinek z\u00eade nake.            <\/div>\n        <\/div>\n                <div class=\"elementskit-single-faq elementor-repeater-item-0be5efd\">\n            <div class=\"elementskit-faq-header\">\n                <h2 class=\"elementskit-faq-title\">P5: Ger dravdana min bi ser nekeve \u00fb ez hewce bikim ku peyamek ji n\u00fb ve bicerib\u00eenim, l\u00ea\u00e7\u00fbn \u00e7i ne?<\/h2>\n            <\/div>\n            <div class=\"elementskit-faq-body\">\n                Radestkirina peyaman li ser bingeha binesaziya Meta ye. Ger peyamek bi ser nekeve, WABOOM taybetiya &quot;Te\u015fedan\u00ean T\u00eak\u00e7\u00fb&quot; vedihew\u00eene ku hewl dide peyam\u00ea heta 3 caran ji n\u00fb ve bi\u015f\u00eene, \u00fb serkeftina radestkirina bilind misoger dike. H\u00fbn ten\u00ea ji bo peyam\u00ean ku di pencereyek Meta-diyarkir\u00ee de bi serkeft\u00ee t\u00eane radest kirin, t\u00eane xerc kirin.            <\/div>\n        <\/div>\n                <div class=\"elementskit-single-faq elementor-repeater-item-064998e\">\n            <div class=\"elementskit-faq-header\">\n                <h2 class=\"elementskit-faq-title\">Ez bikarh\u00eanerek\u00ee pirjimar im. Ma ez dikarim planeke bihay\u00ea ya xwer\u00fb bist\u00eenim?<\/h2>\n            <\/div>\n            <div class=\"elementskit-faq-body\">\n                Bel\u00ea. Ji bo karsaziy\u00ean ku hejmareke pir z\u00eade ya peyaman an hejmareke mezin ji ajan\u00ean wan hene, em Plan\u00ean Karsaziy\u00ea y\u00ean xwer\u00fb p\u00ea\u015fk\u00ea\u015f dikin ku li gor\u00ee p\u00eevana weya taybet\u00ee hatine \u00e7\u00eakirin, \u00fb di abonetiya platforma we de l\u00ea\u00e7\u00fbnek \u00e7\u00eatir peyda dikin.            <\/div>\n        <\/div>\n                <div class=\"elementskit-single-faq elementor-repeater-item-b6d77c1\">\n            <div class=\"elementskit-faq-header\">\n                <h2 class=\"elementskit-faq-title\">Ez \u00e7iqas z\u00fb dikarim jimara xwe ya WhatsApp-\u00ea zind\u00ee bist\u00eenim \u00fb dest bi \u015fandina peyaman bikim?<\/h2>\n            <\/div>\n            <div class=\"elementskit-faq-body\">\n                H\u00fbn dikarin bigih\u00eejin platforma WABOOM \u00fb pi\u015ft\u00ee qeydkirin\u00ea tavil\u00ea dest bi avakirina herik\u00een\u00ean Chatbot-a xwe bikin. P\u00eavajoya rast\u00een a gir\u00eadana tevah\u00ee ya hejmara we bi API-ya ferm\u00ee ya Cloud (ku Verastkirina Karsaziya Facebook-\u00ea j\u00ee dihew\u00eene) bi gelemper\u00ee 3-5 roj\u00ean kar digire.            <\/div>\n        <\/div>\n                <div class=\"elementskit-single-faq elementor-repeater-item-98d1cf5\">\n            <div class=\"elementskit-faq-header\">\n                <h2 class=\"elementskit-faq-title\">Q8: Ez dikarim jimara WhatsApp-a xwe ya hey\u00ee bi WABOOM-\u00ea re bikar b\u00eenim, \u00fb \u00e7i bi d\u00eeroka sohbeta min t\u00ea?<\/h2>\n            <\/div>\n            <div class=\"elementskit-faq-body\">\n                Bel\u00ea, h\u00fbn dikarin jimara xwe ya WhatsApp Business App ya hey\u00ee veguhez\u00eenin (veguhez\u00eenin). Di dema veguheztin\u00ea de, d\u00eeroka sohbeta we ya ber\u00ea ji ber pol\u00eet\u00eekay\u00ean nepen\u00eetiy\u00ea y\u00ean WhatsApp-\u00ea bixweber nay\u00ea veguheztin platforma API-ya n\u00fb. L\u00eabel\u00ea, hem\u00ee sohbet\u00ean p\u00ea\u015feroj\u00ea d\u00ea bi domdar\u00ee di WABOOM CRM-\u00ea de werin hilan\u00een.            <\/div>\n        <\/div>\n                <div class=\"elementskit-single-faq elementor-repeater-item-f60365d\">\n            <div class=\"elementskit-faq-header\">\n                <h2 class=\"elementskit-faq-title\">Ez \u00e7awa dikarim w\u00eaneya xwe ji Panela R\u00eavebir biguherim?<\/h2>\n            <\/div>\n            <div class=\"elementskit-faq-body\">\n                Pir d\u00fbr, li pi\u015ft peyva \u00e7iyayan, d\u00fbr ji welat\u00ean Vokalia \u00fb Consonantia, niv\u00ees\u00ean kor dij\u00een. Ji hev cuda, li Bookmarksgrove, rast li perav\u00ea dij\u00een.            <\/div>\n        <\/div>\n                <div class=\"elementskit-single-faq elementor-repeater-item-b1445ce\">\n            <div class=\"elementskit-faq-header\">\n                <h2 class=\"elementskit-faq-title\">P9: Ez \u00e7awa dikarim T\u00eeka Kesk a Verastkir\u00ee bist\u00eenim \u00fb WABOOM \u00e7awa al\u00eekariy\u00ea dike?<\/h2>\n            <\/div>\n            <div class=\"elementskit-faq-body\">\n                T\u00eeka Kesk (Hesab\u00ea Karsaziy\u00ea y\u00ea Ferm\u00ee) ji h\u00eala Meta ve li ser bingeha gir\u00eengiya karsaziy\u00ea t\u00ea day\u00een. WABOOM pi\u015ftrast dike ku h\u00fbn li ser API-ya Cloud\u00ea ya Ferm\u00ee ne - p\u00ea\u015fdibistanek tekn\u00eek\u00ee ya ne-guft\u00fbgokir\u00ee - \u00fb \u015f\u00eeret\u00ea dide we ka h\u00fbn \u00e7awa ji bo serl\u00eadanek serket\u00ee mafdariya xwe her\u00ee z\u00eade bikin.            <\/div>\n        <\/div>\n                <div class=\"elementskit-single-faq elementor-repeater-item-1bfc044\">\n            <div class=\"elementskit-faq-header\">\n                <h2 class=\"elementskit-faq-title\">Q10: Ma ez dikarim WABOOM li ser c\u00eehaza xwe ya mob\u00eel bikar b\u00eenim, an ew ten\u00ea ser\u00eel\u00eadanek PC-y\u00ea ye?<\/h2>\n            <\/div>\n            <div class=\"elementskit-faq-body\">\n                WABOOM ser\u00eel\u00eadanek web\u00ea ye ku li ser her gerokek PC-y\u00ea peyda dibe. Her \u00e7end me &quot;serl\u00eadana gerok\u00ea li ser mob\u00eel&quot; a cuda tune ku em dak\u00ea\u015fin j\u00ee, platform ji bo r\u00eaveber\u00ee \u00fb \u00e7avd\u00eariya gir\u00eeng a li ser r\u00ea wek\u00ee bersivday\u00eena mob\u00eel hat\u00ee \u00e7\u00eakirin.            <\/div>\n        <\/div>\n                <div class=\"elementskit-single-faq elementor-repeater-item-49ad8ee\">\n            <div class=\"elementskit-faq-header\">\n                <h2 class=\"elementskit-faq-title\">Q11: Ez \u00e7awa dikarim dravdanan bir\u00eave bibim? Xer\u00eedar dikarin rasterast di sohbet\u00ea de drav bidin?<\/h2>\n            <\/div>\n            <div class=\"elementskit-faq-body\">\n                Bel\u00ea. WABOOM bi r\u00eaya \u015fandina gir\u00eadan\u00ean dravdan\u00ea y\u00ean ewle an j\u00ee bikaran\u00eena taybetmendiy\u00ean dravdan\u00ea y\u00ean xwemal\u00ee y\u00ean WhatsApp\u00ea (eger hebin) li ser WhatsApp\u00ea dravdanan \u00e7alak dike. Ev t\u00ea v\u00ea watey\u00ea ku xer\u00eedar dikarin kataloga we bigerin \u00fb dravdana xwe b\u00eay\u00ee ku ji navr\u00fbya sohbet\u00ea derkevin temam bikin.            <\/div>\n        <\/div>\n                <div class=\"elementskit-single-faq elementor-repeater-item-87f33e3\">\n            <div class=\"elementskit-faq-header\">\n                <h2 class=\"elementskit-faq-title\">P12: Ez \u00e7awa dikarim bi ewleh\u00ee sohbetek\u00ea, tev\u00ee d\u00eerok\u00ea, ji ajanek\u00ee bo yek\u00ee din veguhezim?<\/h2>\n            <\/div>\n            <div class=\"elementskit-faq-body\">\n                Di nav Panela Sohbeta Zind\u00ee de, sohbet bi yek kl\u00eekek\u00ea tavil\u00ea t\u00eane veguheztin. Dema ku Ajan B sohbeta veguhezt\u00ee qeb\u00fbl dike, ew gih\u00ee\u015ftina tevah\u00ee ya tevahiya d\u00eeroka sohbet\u00ea \u00fb prof\u00eela xer\u00eedar (Taybetmend\u00ee, et\u00eeket\u00ean dabe\u015fkirin\u00ea) y\u00ean ku ji h\u00eala WhatsApp CRM ve t\u00eane peyda kirin heye.            <\/div>\n        <\/div>\n                <div class=\"elementskit-single-faq elementor-repeater-item-9afca5d\">\n            <div class=\"elementskit-faq-header\">\n                <h2 class=\"elementskit-faq-title\">P13: Agahiy\u00ean xer\u00eedaran ji bo kampanyay\u00ean hedefgirt\u00ee \u00e7awa t\u00eane dabe\u015fkirin?<\/h2>\n            <\/div>\n            <div class=\"elementskit-faq-body\">\n                Agahiy\u00ean xer\u00eedar bi karan\u00eena Taybetmendiyan di WABOOM CRM de t\u00eane hilan\u00een. Ev taybetmend\u00ee dikarin ji h\u00eala ajanan ve bi destan an j\u00ee ji h\u00eala Chatbot ve bixweber werin dan\u00een (m\u00eenak, product_interest: coffee, lead_score: high). D\u00fbv re h\u00fbn dikarin van taybetmendiyan bikar b\u00eenin da ku navn\u00ee\u015fa xwe ji bo We\u015fan\u00ean Mezin \u00ean WhatsApp an Kampanyay\u00ean Drip \u00ean pir hedefgirt\u00ee f\u00eeltre bikin \u00fb dabe\u015f bikin.            <\/div>\n        <\/div>\n                <div class=\"elementskit-single-faq elementor-repeater-item-8fea547\">\n            <div class=\"elementskit-faq-header\">\n                <h2 class=\"elementskit-faq-title\">Q14: Ez \u00e7awa dikarim t\u00eakil\u00ee an ajan\u00ean xwe ji hesab\u00ea xwe y\u00ea WABOOM j\u00ea bibim?<\/h2>\n            <\/div>\n            <div class=\"elementskit-faq-body\">\n                Hem r\u00eaveberiya t\u00eakil\u00ee \u00fb hem j\u00ee r\u00eaveberiya ajan di panela kontrol\u00ea ya WABOOM de bi ewleh\u00ee t\u00eane bir\u00eavebirin. H\u00fbn dikarin bi h\u00easan\u00ee t\u00eakiliy\u00ean takekes\u00ee j\u00ea bibin an j\u00ee gih\u00ee\u015ftina ajan bi r\u00eaya r\u00fbpel\u00ean m\u00eeheng\u00ean R\u00eazik\u00ean Ajan \u00fb T\u00eakiliyan \u00ean taybet rakin.            <\/div>\n        <\/div>\n                \n    <\/div>\t\t\t\t<\/div>\n\t\t\t\t\t<\/div>\n\t\t\t\t<\/div>\n\t\t\t\t<\/div>","protected":false},"excerpt":{"rendered":"<p>Frequently Asked Questions Q1: Do you only provide the software, or can you help us with our marketing strategy? We provide both. WABOOM is not just a software platform; we are a strategic partner. We offer specialized services for WhatsApp success: Strategy Development: We help design your complete WhatsApp engagement funnel, from lead capture to&#8230;<\/p>","protected":false},"author":1,"featured_media":0,"parent":0,"menu_order":0,"comment_status":"closed","ping_status":"closed","template":"","meta":{"_bbp_topic_count":0,"_bbp_reply_count":0,"_bbp_total_topic_count":0,"_bbp_total_reply_count":0,"_bbp_voice_count":0,"_bbp_anonymous_reply_count":0,"_bbp_topic_count_hidden":0,"_bbp_reply_count_hidden":0,"_bbp_forum_subforum_count":0,"_monsterinsights_skip_tracking":false,"_monsterinsights_sitenote_active":false,"_monsterinsights_sitenote_note":"","_monsterinsights_sitenote_category":0,"footnotes":""},"class_list":["post-6304","page","type-page","status-publish","hentry"],"_links":{"self":[{"href":"https:\/\/waboom.net\/ckb\/wp-json\/wp\/v2\/pages\/6304","targetHints":{"allow":["GET"]}}],"collection":[{"href":"https:\/\/waboom.net\/ckb\/wp-json\/wp\/v2\/pages"}],"about":[{"href":"https:\/\/waboom.net\/ckb\/wp-json\/wp\/v2\/types\/page"}],"author":[{"embeddable":true,"href":"https:\/\/waboom.net\/ckb\/wp-json\/wp\/v2\/users\/1"}],"replies":[{"embeddable":true,"href":"https:\/\/waboom.net\/ckb\/wp-json\/wp\/v2\/comments?post=6304"}],"version-history":[{"count":0,"href":"https:\/\/waboom.net\/ckb\/wp-json\/wp\/v2\/pages\/6304\/revisions"}],"wp:attachment":[{"href":"https:\/\/waboom.net\/ckb\/wp-json\/wp\/v2\/media?parent=6304"}],"curies":[{"name":"wp","href":"https:\/\/api.w.org\/{rel}","templated":true}]}}