{"id":6350,"date":"2025-11-17T17:07:16","date_gmt":"2025-11-17T17:07:16","guid":{"rendered":"https:\/\/waboom.net\/?page_id=6350"},"modified":"2025-11-19T13:17:30","modified_gmt":"2025-11-19T13:17:30","slug":"waboom-vs-gupshup","status":"publish","type":"page","link":"https:\/\/waboom.net\/ckb\/waboom-vs-gupshup\/","title":{"rendered":"WABOOM li dij\u00ee Gupshup"},"content":{"rendered":"<p>Li j\u00ear te ye <strong>tevahiya berawirdkirina WABOOM \u00fb Gupshup bi deng\u00ea Neil Patel ji n\u00fb ve hatiye niv\u00eesandin<\/strong>  dan\u00fbstandin\u00ee, xurt, \u00eeqnaker, \u00fb tij\u00ee zelaliyeke stratej\u00eek.<br>(Bifikirin: rasterast, nirx-p\u00ea\u015f\u00een, bawermend, \u00fb ji bo veguher\u00eenan \u00e7\u00eatir\u00eenkir\u00ee.)<\/p>\n\n\n\n<h1 class=\"wp-block-heading\">Xw\u00eenberdana Pereyan li ser Am\u00fbr\u00ean Peyaman \u00ean ku \u00c7\u00eadikin Rawest\u00eenin <em>H\u00fbn<\/em> Hem\u00fb Kar Bikin<\/h1>\n\n\n\n<p>Werin em rastgo bin: piraniya platform\u00ean WhatsApp teknolojiyek mezin didin we\u2026 \u00fb d\u00fbv re dih\u00ealin h\u00fbn her ti\u015ft\u00ea din bi tena ser\u00ea xwe fam bikin.<\/p>\n\n\n\n<p>Heger we qet ji ber sazkirin\u00ean otomasyon\u00ea, stratejiya reklam\u00ea, avahiy\u00ean bihay\u00ea, an j\u00ee ten\u00ea hewl da ku f\u00eam bikin ku perey\u00ean we bi rast\u00ee di\u00e7in ku der\u00ea, xwe bargiran h\u00ees kiribe, h\u00fbn ne bi ten\u00ea ne.<\/p>\n\n\n\n<p>Tam ji ber v\u00ea yek\u00ea ye ku ev <strong>WABOOM li dij\u00ee Gupshup<\/strong> mijar\u00ean berawirdkirin\u00ea ne.<\/p>\n\n\n\n<p><\/p>\n\n\n\n<h1 class=\"wp-block-heading\">WABOOM vs. Gupshup: Dabe\u015fkirina Taybetmend\u00ee-bi-Taybetmend\u00ee<\/h1>\n\n\n\n<figure class=\"wp-block-table\"><table class=\"has-fixed-layout\"><thead><tr><th>Taybet\u00ee<\/th><th><strong>WABOOM (Hevkar\u00ea Xizmeta Tam)<\/strong><\/th><th><strong>Gupshup (Platforma Bi H\u00eaz)<\/strong><\/th><\/tr><\/thead><tbody><tr><td><strong>N\u00ee\u015fankirina Meta Axaftin\u00ea<\/strong><\/td><td><strong>N\u00ee\u015fankirina 0%. Herdem.<\/strong> Mesrefa derbasb\u00fbna paqij.<\/td><td>Gupshup ya xwe l\u00ea z\u00eade dike <strong>xerc\u00ea her peyamek\u00ea<\/strong> li ser l\u00ea\u00e7\u00fbn\u00ean Meta.<\/td><\/tr><tr><td><strong>\u015eefafiyeta Bihayan<\/strong><\/td><td>H\u00easan: xerca platform\u00ea ya sab\u00eet + fat\u00fbreya Meta ya rast\u00een. P\u00eevana p\u00ea\u015fb\u00een\u00eekir\u00ee.<\/td><td>Nirxandina li ser bingeha karan\u00een\u00ea bi gelek be\u015f\u00ean tevgerbar. Mesref li gor\u00ee guhertina hejmar an erdn\u00eegariy\u00ea diguherin.<\/td><\/tr><tr><td><strong>T\u00eaketin\u00ean Ajanan<\/strong><\/td><td>Ajans\u00ean b\u00eas\u00eenor (ji bil\u00ee asta ketin\u00ea). L\u00eaz\u00eadekirin\u00ean ve\u015fart\u00ee tune ne.<\/td><td>R\u00eavekirina ajan p\u00ea\u015fk\u00ea\u015f dike l\u00ea bi sazkirin\u00ea ve gir\u00eaday\u00ee ye. Modelek xerca her ajanek\u00ee ya zelal tune, l\u00ea bic\u00eehan\u00eena w\u00ea tekn\u00eek\u00eetir e.<\/td><\/tr><tr><td><strong>Stratejiya Reklam\u00ea \u00fb Bic\u00eehan\u00een\u00ea<\/strong><\/td><td><strong>Em reklam\u00ean we diwe\u015f\u00eenin.<\/strong> Optim\u00eezasyona kampanyaya Click-to-WhatsApp-a kar\u00fbbar\u00ea tevah\u00ee.<\/td><td>Am\u00fbran p\u00ea\u015fk\u00ea\u015f dike, ne stratej\u00ee. H\u00fbn performans\u00ea bi xwe bir\u00eave dibin.<\/td><\/tr><tr><td><strong>Reklam\u00ean Kl\u00eek-bo-Whatsapp\u00ea<\/strong><\/td><td>Dabe\u015fkirina p\u00ea\u015fket\u00ee + r\u00eaw\u00eet\u00eeya xwemal\u00ee ya CAPI.<\/td><td>Bi r\u00eaya Ger\u00eenendey\u00ea Kampanyay\u00ea t\u00ea pi\u015ftgir\u00eekirin, l\u00ea pisporiya we ya navxwey\u00ee hewce dike.<\/td><\/tr><tr><td><strong>Avaker\u00ea Chatbot\u00ea<\/strong><\/td><td>Avaker\u00ea ka\u015f-\u00fb-berdan\u00ea y\u00ea bi tevah\u00ee vekir\u00ee b\u00eay\u00ee d\u00eewar\u00ean dayin\u00ea y\u00ean taybetmendiy\u00ea.<\/td><td>St\u00fbdyoya Bot a Bi H\u00eaz, bi h\u00eaza GPT-\u00ea ve dixebite l\u00ea pir caran ji bo herik\u00een\u00ean p\u00ea\u015fkeft\u00ee p\u00ea\u015fdebiran hewce dike.<\/td><\/tr><tr><td><strong>API \/ Webhook<\/strong><\/td><td>B\u00eas\u00eenor, b\u00ea s\u00eenor, bikaran\u00eena w\u00ea h\u00easan e.<\/td><td>Pak\u00eata API-y\u00ea ya tam, pir bih\u00eaz l\u00ea ji bo bir\u00eavebirin\u00ea tekn\u00eek\u00ee ye.<\/td><\/tr><tr><td><strong>Ezm\u00fbna Pi\u015ftgiriy\u00ea<\/strong><\/td><td>Ger\u00eenendey\u00ea Hesab\u00ea y\u00ea Taybet + Zoom + Telefon + Sohbet. Proakt\u00eef.<\/td><td>Pi\u015ftgiriya standard heya ku h\u00fbn parg\u00eedaniyek nebin. Bi xwer\u00fb b\u00eatir xizmeta xweser.<\/td><\/tr><tr><td><strong>We\u015fan \/ Radestkirina Deng\u00ea Bilind<\/strong><\/td><td>Ji bo leza \u00fb p\u00eabaweriya di asta parg\u00eedaniy\u00ea de hat\u00eeye m\u00eeheng kirin.<\/td><td>Amade ye ji bo bihayek bilind, l\u00ea r\u00eajeya veguhastin\u00ea bi plan + m\u00eemariya we ve gir\u00eaday\u00ee ye.<\/td><\/tr><\/tbody><\/table><\/figure>\n\n\n\n<h1 class=\"wp-block-heading\">1. Pirsgir\u00eaka Mesrefa Ve\u015fart\u00ee: \u00c7ima Piraniya Karsaziyan B\u00eay\u00ee ku P\u00ea Bihesin Z\u00eade Pereyan Didin<\/h1>\n\n\n\n<p>Platform\u00ean m\u00eena Gupshup heta ku h\u00fbn mezin bibin erzan xuya dikin. Ji ber ku gava qebareya we z\u00eade dibe:<\/p>\n\n\n\n<ul class=\"wp-block-list\">\n<li>Te bi peyam\u00ea pere t\u00ea barkirin<\/li>\n\n\n\n<li>Li gor\u00ee celeb\u00ea peyam\u00ea h\u00fbn bi awayek\u00ee cuda t\u00eane barkirin<\/li>\n\n\n\n<li>Li gor\u00ee welatan h\u00fbn bi awayek\u00ee cuda t\u00ean hesabkirin<\/li>\n\n\n\n<li>Er\u00ea, xerc\u00ea platform\u00ea li jor heye<\/li>\n<\/ul>\n\n\n\n<p>Ev tofana b\u00eak\u00eamah\u00ee ye ji bo fat\u00fbrey\u00ean nep\u00ea\u015fb\u00een\u00eekir\u00ee.<\/p>\n\n\n\n<h3 class=\"wp-block-heading\">\u2714 Awantaj\u00ean WABOOM<\/h3>\n\n\n\n<p>WABOOM l\u00eestik\u00ean n\u00ee\u015fankirin\u00ea nal\u00eeze.<br>Tu pere did\u00ee:<\/p>\n\n\n\n<ul class=\"wp-block-list\">\n<li>Xercek platforma WABOOM a sab\u00eet\n<ul class=\"wp-block-list\">\n<li>xerc\u00ean rast\u00een \u00ean WhatsApp (Meta)<\/li>\n<\/ul>\n<\/li>\n<\/ul>\n\n\n\n<p>Her eve.<\/p>\n\n\n\n<p>Ev cure model e ku ez HER TIM dema ku dan\u00fbstandinan mezin dikim p\u00ea\u015fniyar dikim, ji ber ku nezelal\u00ee = r\u00eesk. \u00db karsaz\u00ee li ser r\u00eesk\u00ea mezin nabin.<\/p>\n\n\n\n<h3 class=\"wp-block-heading\">\u2718 Gupshup Bazirgan\u00ee<\/h3>\n\n\n\n<p>Teknolojiya mezin.<br>L\u00ea bel\u00ea l\u00ea\u00e7\u00fbn\u00ean nep\u00ea\u015fb\u00een\u00eekir\u00ee.<\/p>\n\n\n\n<p>Eger h\u00fbn bi awayek\u00ee obses\u00eef hejmara peyaman, kategoriyan, an her\u00eaman ne\u015fop\u00eenin, fat\u00fbreya we ya mehane d\u00ea we matmay\u00ee bike.<\/p>\n\n\n\n<p>\u00db ne bi awayek\u00ee ba\u015f.<\/p>\n\n\n\n<h2 class=\"wp-block-heading\">2. Am\u00fbr li dij\u00ee T\u00eem\u00ea: C\u00fbdahiya Stratej\u00eek a Her\u00ee Mezin Ku Piraniya Mirovan Ji Dest Nadin<\/h2>\n\n\n\n<p>Bin\u00eare Gupshup bi h\u00eaz e. B\u00ea \u015fik.<\/p>\n\n\n\n<p>L\u00ea Gupshup e <strong>rawesta axaftevan<\/strong>.<br>WABOOM yek e <strong>dost<\/strong>.<\/p>\n\n\n\n<p>Tu bi komkirina b\u00eatir am\u00fbran bi awayek\u00ee rast mezin nab\u00ee.<br>Tu bi komkirina wan mezin dib\u00ee <em>rast<\/em> bir\u00eaverbir\u00ee.<\/p>\n\n\n\n<h3 class=\"wp-block-heading\">\u2714 Awantaj\u00ean WABOOM<\/h3>\n\n\n\n<ul class=\"wp-block-list\">\n<li>Ew reklam\u00ean we y\u00ean Click-to-WhatsApp dime\u015f\u00eenin.<\/li>\n\n\n\n<li>Ew h\u00fbnel\u00ean we ba\u015ftir dikin.<\/li>\n\n\n\n<li>Ew otomasyon\u00ean we saz dikin.<\/li>\n\n\n\n<li>Ew herik\u00een\u00ean we ava dikin.<\/li>\n\n\n\n<li>Ew performansa we di\u015fop\u00eenin.<\/li>\n\n\n\n<li>\u00db ew pirsgir\u00eakan \u00e7areser dikin ber\u00ee ku h\u00fbn j\u00ee wan ferq bikin.<\/li>\n<\/ul>\n\n\n\n<p>Ew e ku piraniya marqeyan <em>birast\u00ee<\/em> lazim\u00ee.<\/p>\n\n\n\n<h3 class=\"wp-block-heading\">\u2718 Gupshup Bazirgan\u00ee<\/h3>\n\n\n\n<p>H\u00fbn \u015fiyan\u00ean mezin digirin <br>l\u00ea bar\u00ea giran TU dik\u00ee.<\/p>\n\n\n\n<p>Eger h\u00fbn ji guher\u00een, avakirin \u00fb \u00e7\u00eatirkirina bi destan hez dikin\u2026 ba\u015f e.<\/p>\n\n\n\n<p>L\u00ea piraniya karsaziyan dixwazin <strong>darvekirin ji bo te qediya<\/strong>, ne dashboardeke din ji bo bir\u00eavebirin\u00ea.<\/p>\n\n\n\n<h2 class=\"wp-block-heading\">3. Pi\u015ftgir\u00ee Div\u00ea Ne L\u00eestikek Texm\u00eenkirin\u00ea Be<\/h2>\n\n\n\n<p>H\u00fbn dizanin \u00e7i meh\u00ea $10K ji meh\u00ea $100K cuda dike?<\/p>\n\n\n\n<p>Leza \u00e7areserkirina pirsgir\u00eak\u00ea.<\/p>\n\n\n\n<p>Ne otomasyon.<br>Ne chatbotek xwe\u015fik e.<br>Ne \u015fiyana \u015fandina PDF-an li ser WhatsApp-\u00ea ye.<\/p>\n\n\n\n<p><strong>Ew e ku gava ti\u015ftek xera bibe h\u00fbn \u00e7iqas z\u00fb dikarin al\u00eekariy\u00ea bist\u00eenin.<\/strong><\/p>\n\n\n\n<h3 class=\"wp-block-heading\">\u2714 Awantaj\u00ean WABOOM<\/h3>\n\n\n\n<p>Ger\u00eenendey\u00ea Hesab\u00ea y\u00ea Taybet.<br>Zoom bike.<br>Telefon.<br>Galgalkirin.<br>\u00c7avd\u00eariya proakt\u00eef.<\/p>\n\n\n\n<p>H\u00fbn kesek\u00ee dist\u00eenin ku karsaziya we, armanc\u00ean we, herik\u00een\u00ean we, reklam\u00ean we dizane.<\/p>\n\n\n\n<p>Ev celeb pi\u015ftgir\u00ee ye ku ez her gav ji xer\u00eedaran re dib\u00eajim ku p\u00ea\u015f\u00eeniy\u00ea bidin ji ber ku dema b\u00eahnvedan\u00ea dahat\u00ea ji reklam\u00ean xirab z\u00fbtir dikuje.<\/p>\n\n\n\n<h3 class=\"wp-block-heading\">\u2718 Gupshup Bazirgan\u00ee<\/h3>\n\n\n\n<p>Pi\u015ftgiriyek b\u00eahempa, nemaze ji bo parg\u00eedaniyan.<br>L\u00ea heke h\u00fbn ne li ser planeke asta jor\u00een bin?<\/p>\n\n\n\n<p>Bar\u00ea giran ber bi te ve di\u00e7e:<br>belgekirin, forum, \u00fb bil\u00eat\u00ean pi\u015ftgiriy\u00ea.<\/p>\n\n\n\n<h1 class=\"wp-block-heading\"> WABOOM vs Gupshup: Er\u00ean\u00ee \u00fb Ney\u00een\u00eey\u00ean ku Bi Rast\u00ee Gir\u00eeng in<\/h1>\n\n\n\n<figure class=\"wp-block-table\"><table class=\"has-fixed-layout\"><thead><tr><th>WABOOM<\/th><th>Gupshup<\/th><\/tr><\/thead><tbody><tr><td><strong>Er\u00ean\u00ee<\/strong><\/td><td><strong>Er\u00ean\u00ee<\/strong><\/td><\/tr><tr><td>N\u00ee\u015fankirina 0%<\/td><td>Platformek pir bi h\u00eaz<\/td><\/tr><tr><td>Bic\u00eehan\u00eena reklaman a xizmeta tam<\/td><td>Bihay\u00ea nerm \u00ea dravdan\u00ea<\/td><\/tr><tr><td>Ajan\u00ean b\u00eas\u00eenor<\/td><td>Ji bo p\u00ea\u015fdebiran + avahiy\u00ean xwer\u00fb pir ba\u015f e<\/td><\/tr><tr><td>Pi\u015ftgiriya bilind-destdan\u00ea<\/td><td>Ji bo cild\u00ean pir mezin pir p\u00eevanbar e<\/td><\/tr><tr><td>Modela l\u00ea\u00e7\u00fbna p\u00ea\u015fb\u00een\u00eekir\u00ee<\/td><td>API-ya dewlemend + \u015fiyan\u00ean bot\u00ea<\/td><\/tr><\/tbody><\/table><\/figure>\n\n\n\n<figure class=\"wp-block-table\"><table class=\"has-fixed-layout\"><thead><tr><th><strong>Ney\u00een\u00ee<\/strong><\/th><th><strong>Ney\u00een\u00ee<\/strong><\/th><\/tr><\/thead><tbody><tr><td>Xerc\u00ea platform\u00ea y\u00ea sab\u00eet p\u00eaw\u00eest e<\/td><td>Z\u00eadetir tekn\u00eek\u00ee ji bo bic\u00eehan\u00een\u00ea<\/td><\/tr><tr><td>Baweriya bi hevkar\u00ea\/a p\u00eaw\u00eest e<\/td><td>Fat\u00fbreya k\u00eamtir p\u00ea\u015fb\u00een\u00eekir\u00ee<\/td><\/tr><tr><td>Ji DIY b\u00eatir &quot;ji bo te hatiye \u00e7\u00eakirin&quot;<\/td><td>Pi\u015ftgiriya stratej\u00eek a pi\u00e7\u00fbk<\/td><\/tr><\/tbody><\/table><\/figure>\n\n\n\n<h1 class=\"wp-block-heading\">Pirs\u00ean Pir t\u00ean Pirs\u00een<\/h1>\n\n\n\n<h3 class=\"wp-block-heading\"><strong>Ma WABOOM bi rast\u00ee n\u00ee\u015fankirina 0% bar dike?<\/strong><\/h3>\n\n\n\n<p>Bel\u00ea. Yek ji mezintir\u00een feydeyan.<\/p>\n\n\n\n<h3 class=\"wp-block-heading\"><strong>Ma Gupshup ji bo p\u00ea\u015fdebiran \u00e7\u00eatir e?<\/strong><\/h3>\n\n\n\n<p>Bel\u00ea, pak\u00eata API ya Gupshup ji bo t\u00eem\u00ean ku dixwazin avahiyek xwer\u00fb ava bikin bi h\u00eaz e.<\/p>\n\n\n\n<h3 class=\"wp-block-heading\"><strong>K\u00ee ji bo reklam\u00ean Click-to-WhatsApp \u00e7\u00eatir e?<\/strong><\/h3>\n\n\n\n<p>WABOOM ji ber ku ew bi rast\u00ee reklaman ji bo we dime\u015f\u00eenin \u00fb \u00e7\u00eatir dikin.<\/p>\n\n\n\n<h3 class=\"wp-block-heading\"><strong>K\u00eejan ji bo p\u00eevandin\u00ea \u00e7\u00eatir e?<\/strong><\/h3>\n\n\n\n<p>Bi t\u00eem\u00ea we ve gir\u00eaday\u00ee ye:<\/p>\n\n\n\n<ul class=\"wp-block-list\">\n<li>Heke h\u00fbn xizmeta tevah\u00ee dixwazin \u2192 <strong>WABOOM<\/strong><\/li>\n\n\n\n<li>Heke h\u00fbn kontrola her\u00ee z\u00eade + endezyariy\u00ea dixwazin \u2192 <strong>Gupshup<\/strong><\/li>\n<\/ul>\n\n\n\n<h1 class=\"wp-block-heading\"><\/h1>","protected":false},"excerpt":{"rendered":"<p>Below is your entire WABOOM vs. Gupshup comparison rewritten in Neil Patel\u2019s tone conversational, punchy, persuasive, and packed with strategic clarity.(Think: direct, value-first, confident, and optimized for conversions.) Stop Bleeding Money on Messaging Tools That Make You Do All the Work Let\u2019s be honest: most WhatsApp platforms give you great tech\u2026 and then leave you&#8230;<\/p>","protected":false},"author":1,"featured_media":0,"parent":0,"menu_order":0,"comment_status":"closed","ping_status":"closed","template":"","meta":{"_bbp_topic_count":0,"_bbp_reply_count":0,"_bbp_total_topic_count":0,"_bbp_total_reply_count":0,"_bbp_voice_count":0,"_bbp_anonymous_reply_count":0,"_bbp_topic_count_hidden":0,"_bbp_reply_count_hidden":0,"_bbp_forum_subforum_count":0,"_monsterinsights_skip_tracking":false,"_monsterinsights_sitenote_active":false,"_monsterinsights_sitenote_note":"","_monsterinsights_sitenote_category":0,"footnotes":""},"class_list":["post-6350","page","type-page","status-publish","hentry"],"_links":{"self":[{"href":"https:\/\/waboom.net\/ckb\/wp-json\/wp\/v2\/pages\/6350","targetHints":{"allow":["GET"]}}],"collection":[{"href":"https:\/\/waboom.net\/ckb\/wp-json\/wp\/v2\/pages"}],"about":[{"href":"https:\/\/waboom.net\/ckb\/wp-json\/wp\/v2\/types\/page"}],"author":[{"embeddable":true,"href":"https:\/\/waboom.net\/ckb\/wp-json\/wp\/v2\/users\/1"}],"replies":[{"embeddable":true,"href":"https:\/\/waboom.net\/ckb\/wp-json\/wp\/v2\/comments?post=6350"}],"version-history":[{"count":0,"href":"https:\/\/waboom.net\/ckb\/wp-json\/wp\/v2\/pages\/6350\/revisions"}],"wp:attachment":[{"href":"https:\/\/waboom.net\/ckb\/wp-json\/wp\/v2\/media?parent=6350"}],"curies":[{"name":"wp","href":"https:\/\/api.w.org\/{rel}","templated":true}]}}